hen 244 is divided by 19.
16
What is the remainder when 17115 is divided by 44?
43
What is the remainder when 1289 is divided by 320?
9
What is the remainder when 16456 is divided by 6?
4
Calculate the remainder when 361 is divided by 31.
20
Calculate the remainder when 3463 is divided by 77.
75
What is the remainder when 277 is divided by 40?
37
Calculate the remainder when 676 is divided by 24.
4
What is the remainder when 1062 is divided by 1036?
26
What is the remainder when 128 is divided by 34?
26
Calculate the remainder when 555 is divided by 37.
0
What is the remainder when 136 is divided by 23?
21
What is the remainder when 9953 is divided by 3315?
8
Calculate the remainder when 5098 is divided by 100.
98
What is the remainder when 615 is divided by 205?
0
What is the remainder when 2921 is divided by 50?
21
What is the remainder when 189 is divided by 59?
12
Calculate the remainder when 202 is divided by 6.
4
Calculate the remainder when 87 is divided by 18.
15
Calculate the remainder when 33911 is divided by 31.
28
What is the remainder when 412 is divided by 46?
44
What is the remainder when 2292 is divided by 74?
72
What is the remainder when 97 is divided by 9?
7
Calculate the remainder when 270 is divided by 46.
40
What is the remainder when 46 is divided by 8?
6
Calculate the remainder when 2064 is divided by 148.
140
Calculate the remainder when 154 is divided by 12.
10
Calculate the remainder when 251 is divided by 65.
56
Calculate the remainder when 6080 is divided by 34.
28
Calculate the remainder when 877 is divided by 80.
77
Calculate the remainder when 173 is divided by 18.
11
What is the remainder when 117874 is divided by 11?
9
Calculate the remainder when 1534 is divided by 135.
49
Calculate the remainder when 140 is divided by 49.
42
What is the remainder when 56 is divided by 29?
27
What is the remainder when 56 is divided by 10?
6
Calculate the remainder when 262 is divided by 11.
9
What is the remainder when 60 is divided by 7?
4
Calculate the remainder when 339 is divided by 24.
3
Calculate the remainder when 675 is divided by 49.
38
Calculate the remainder when 553 is divided by 59.
22
What is the remainder when 645 is divided by 280?
85
Calculate the remainder when 94 is divided by 86.
8
What is the remainder when 432 is divided by 8?
0
What is the remainder when 231 is divided by 223?
8
What is the remainder when 1241 is divided by 26?
19
What is the remainder when 2018 is divided by 671?
5
Calculate the remainder when 105 is divided by 36.
33
What is the remainder when 290 is divided by 118?
54
What is the remainder when 1805 is divided by 355?
30
What is the remainder when 174 is divided by 6?
0
Calculate the remainder when 1536 is divided by 29.
28
Calculate the remainder when 347 is divided by 24.
11
Calculate the remainder when 5450 is divided by 678.
26
Calculate the remainder when 733 is divided by 29.
8
Calculate the remainder when 350 is divided by 37.
17
What is the remainder when 825 is divided by 46?
43
What is the remainder when 273 is divided by 47?
38
What is the remainder when 164 is divided by 163?
1
What is the remainder when 740 is divided by 43?
9
What is the remainder when 1123 is divided by 125?
123
What is the remainder when 1317 is divided by 10?
7
Calculate the remainder when 54 is divided by 8.
6
What is the remainder when 14 is divided by 13?
1
What is the remainder when 1231 is divided by 3?
1
Calculate the remainder when 1838 is divided by 20.
18
What is the remainder when 500 is divided by 247?
6
What is the remainder when 191 is divided by 55?
26
What is the remainder when 108 is divided by 55?
53
What is the remainder when 255 is divided by 27?
12
What is the remainder when 150 is divided by 18?
6
Calculate the remainder when 364 is divided by 102.
58
Calculate the remainder when 757 is divided by 159.
121
Calculate the remainder when 2793 is divided by 11.
10
What is the remainder when 75 is divided by 66?
9
What is the remainder when 179 is divided by 46?
41
Calculate the remainder when 526 is divided by 39.
19
What is the remainder when 49 is divided by 29?
20
Calculate the remainder when 145 is divided by 3.
1
What is the remainder when 320 is divided by 36?
32
Calculate the remainder when 459 is divided by 42.
39
What is the remainder when 701 is divided by 101?
95
Calculate the remainder when 83 is divided by 33.
17
What is the remainder when 194 is divided by 42?
26
Calculate the remainder when 438 is divided by 8.
6
Calculate the remainder when 8118 is divided by 280.
278
Calculate the remainder when 51 is divided by 15.
6
What is the remainder when 226 is divided by 11?
6
What is the remainder when 1718 is divided by 568?
14
Calculate the remainder when 11853 is divided by 32.
13
What is the remainder when 760 is divided by 77?
67
Calculate the remainder when 218 is divided by 198.
20
Calculate the remainder when 208 is divided by 35.
33
Calculate the remainder when 254 is divided by 163.
91
What is the remainder when 4948 is divided by 75?
73
Calculate the remainder when 6620 is divided by 86.
84
What is the remainder when 13973 is divided by 102?
101
Calculate the remainder when 133 is divided by 78.
55
What is the remainder when 1933 is divided by 8?
5
What is the remainder when 22 is divided by 9?
4
What is the remainder when 5558 is divided by 48?
38
What is the remainder when 215 is divided by 113?
102
What is the remainder when 188 is divided by 40?
28
What is the remainder when 1631 is divided by 68?
67
What is the remainder when 2113 is divided by 302?
301
What is the remainder when 96 is divided by 7?
5
What is the remainder when 678 is divided by 214?
36
Calculate the remainder when 2941 is divided by 19.
15
What is the remainder when 204 is divided by 67?
3
What is the remainder when 153 is divided by 31?
29
Calculate the remainder when 84 is divided by 12.
0
Calculate the remainder when 50 is divided by 43.
7
Calculate the remainder when 250 is divided by 58.
18
What is the remainder when 5638 is divided by 141?
139
What is the remainder when 3820 is divided by 58?
50
Calculate the remainder when 179 is divided by 46.
41
Calculate the remainder when 49 is divided by 8.
1
What is the remainder when 46 is divided by 13?
7
Calculate the remainder when 391 is divided by 56.
55
What is the remainder when 2144 is divided by 55?
54
Calculate the remainder when 45 is divided by 13.
6
Calculate the remainder when 575 is divided by 16.
15
Calculate the remainder when 5194 is divided by 80.
74
Calculate the remainder when 16193 is divided by 14.
9
What is the remainder when 146 is divided by 22?
14
What is the remainder when 62 is divided by 24?
14
What is the remainder when 2317 is divided by 1153?
11
Calculate the remainder when 599 is divided by 30.
29
Calculate the remainder when 2150 is divided by 28.
22
Calculate the remainder when 310 is divided by 24.
22
What is the remainder when 12440 is divided by 244?
240
What is the remainder when 235 is divided by 63?
46
Calculate the remainder when 488 is divided by 33.
26
What is the remainder when 1959 is divided by 28?
27
What is the remainder when 453 is divided by 287?
166
Calculate the remainder when 32 is divided by 2.
0
What is the remainder when 443 is divided by 58?
37
What is the remainder when 30 is divided by 2?
0
Calculate the remainder when 2491 is divided by 21.
13
What is the remainder when 227 is divided by 70?
17
Calculate the remainder when 713 is divided by 21.
20
Calculate the remainder when 300 is divided by 22.
14
Calculate the remainder when 12401 is divided by 157.
155
Calculate the remainder when 397 is divided by 7.
5
What is the remainder when 1220 is divided by 169?
37
What is the remainder when 2663 is divided by 9?
8
Calculate the remainder when 11558 is divided by 246.
242
What is the remainder when 3765 is divided by 37?
28
Calculate the remainder when 945 is divided by 13.
9
Calculate the remainder when 289 is divided by 85.
34
What is the remainder when 2058 is divided by 43?
37
What is the remainder when 53 is divided by 39?
14
Calculate the remainder when 116 is divided by 30.
26
What is the remainder when 358 is divided by 12?
10
Calculate the remainder when 1289 is divided by